composite?
False
Is 635128595 a prime number?
False
Is 9191279281 prime?
True
Is 3610999499 a prime number?
False
Is 149495632105 a composite number?
True
Is 12084826979 prime?
False
Is 41281366631 a prime number?
True
Is 18911458459 a composite number?
False
Is 96293599 a prime number?
True
Is 931442929 a prime number?
True
Is 5410999229 prime?
True
Is 6740996227 a prime number?
False
Is 7559847601 prime?
False
Is 72845737 a prime number?
False
Is 18189442639 a composite number?
False
Is 30173281231 a composite number?
False
Is 3160045841 composite?
True
Is 10979797721 composite?
True
Is 31496324117 prime?
True
Is 75288676381 a composite number?
True
Is 163486577 a composite number?
True
Is 25267970447 a composite number?
False
Is 54483856993 a composite number?
False
Is 1688896037 a composite number?
True
Is 4920203887 a prime number?
False
Is 6665940961 prime?
True
Is 26769875623 a prime number?
False
Is 13231329 prime?
False
Is 1253335843 a prime number?
True
Is 10482510179 a composite number?
True
Is 29831297161 a prime number?
True
Is 6284296481 composite?
False
Is 2223362717 composite?
False
Is 1758731017 a prime number?
False
Is 1376375531 a prime number?
True
Is 2513320661 a prime number?
False
Is 3068879519 composite?
True
Is 17430540991 prime?
False
Is 417816907 composite?
False
Is 503572213 prime?
False
Is 1749073089 a composite number?
True
Is 1325479981 prime?
False
Is 317432603 a composite number?
False
Is 10442684773 a prime number?
True
Is 2814258191 a composite number?
False
Is 531733219 prime?
True
Is 1631954813 composite?
True
Is 95817872509 composite?
False
Is 1659159883 composite?
True
Is 16598058067 a composite number?
False
Is 58093376695 a prime number?
False
Is 29694967789 a prime number?
False
Is 778677071 composite?
False
Is 14682513 composite?
True
Is 71095172299 a prime number?
True
Is 164712349 composite?
True
Is 11550181879 a composite number?
False
Is 3254874718 a composite number?
True
Is 7255346233 composite?
False
Is 10896567733 prime?
True
Is 85834181711 composite?
False
Is 15863543354 prime?
False
Is 782023387 composite?
False
Is 1809139429 a composite number?
True
Is 2530417651 composite?
True
Is 334566913 a prime number?
False
Is 8021721043 a prime number?
False
Is 67204215971 a composite number?
False
Is 664290139 a composite number?
False
Is 7307822701 a composite number?
True
Is 33287837029 prime?
True
Is 94562545381 a composite number?
True
Is 72694595087 composite?
True
Is 6714161837 a prime number?
True
Is 2651619679 composite?
False
Is 154419791 a prime number?
False
Is 715447939 a composite number?
False
Is 30297053629 a composite number?
False
Is 900955537 prime?
True
Is 46662837671 a composite number?
False
Is 47258305649 a composite number?
False
Is 8363665639 a prime number?
False
Is 4539821609 prime?
True
Is 45317799521 composite?
True
Is 3203098969 composite?
True
Is 2386990079 a composite number?
True
Is 4307038937 a composite number?
False
Is 365345969 a prime number?
False
Is 324224003 composite?
False
Is 5604100681 a composite number?
False
Is 1561134313 a composite number?
True
Is 11817501263 a prime number?
False
Is 246641299663 composite?
True
Is 3284314763 prime?
False
Is 13283543503 prime?
True
Is 41506144709 a composite number?
True
Is 83508536099 a prime number?
True
Is 3127260439 a composite number?
True
Is 1617815821 composite?
False
Is 6709060339 a composite number?
False
Is 25736210293 composite?
True
Is 79187600237 composite?
False
Is 446783801 prime?
False
Is 16286659 a prime number?
True
Is 2131161827 a composite number?
False
Is 142356919433 composite?
True
Is 13338197 a composite number?
False
Is 2676695011 a prime number?
False
Is 318077911 prime?
True
Is 7673458921 prime?
False
Is 2341872503 prime?
True
Is 5455369711 prime?
False
Is 48980026517 prime?
True
Is 758511619 prime?
True
Is 15259440673 composite?
False
Is 1225241219 prime?
True
Is 27355603409 a prime number?
True
Is 388272881 prime?
False
Is 45987338759 composite?
False
Is 26628648997 prime?
False
Is 167186137 composite?
False
Is 397180499 prime?
True
Is 712025597 a composite number?
False
Is 15417472247 prime?
True
Is 614469673 a composite number?
False
Is 5042275619 prime?
True
Is 884088493 prime?
True
Is 309897473 prime?
True
Is 2363088731 composite?
True
Is 20662976449 a prime number?
False
Is 1894836919 composite?
False
Is 6899332511 prime?
True
Is 32597561521 a composite number?
True
Is 3240975541 prime?
True
Is 75930262973 prime?
True
Is 718829555 a prime number?
False
Is 102374383691 prime?
True
Is 1764245579 composite?
False
Is 2002875769 composite?
True
Is 400435603 composite?
True
Is 81543047 prime?
True
Is 3556296959 prime?
True
Is 24235723 composite?
False
Is 4329095919 a prime number?
False
Is 27533860997 a composite number?
False
Is 51205502 a composite number?
True
Is 3025091131 a prime number?
True
Is 1161385133 composite?
True
Is 189811429 prime?
False
Is 334217360401 a prime number?
True
Is 263714040257 a prime number?
False
Is 1504784194 prime?
False
Is 536709553 prime?
False
Is 1055019197 composite?
True
Is 12948452659 a composite number?
False
Is 1088482546 a composite number?
True
Is 111300263 composite?
True
Is 109287253 composite?
True
Is 4885346069 a prime number?
True
Is 11812134899 prime?
True
Is 9134856121 composite?
False
Is 15721284037 composite?
True
Is 77993683 composite?
True
Is 68164448938 prime?
False
Is 23265171749 composite?
True
Is 593382029 prime?
True
Is 663414407 a composite number?
True
Is 394786597 prime?
False
Is 122146697 prime?
False
Is 1492060837 composite?
True
Is 2584540319 a composite number?
False
Is 5594565571 a composite number?
True
Is 8685559279 composite?
True
Is 4032427507 a composite number?
True
Is 97437019717 a composite number?
True
Is 6239392435 composite?
True
Is 1069187243 prime?
False
Is 91016104729 prime?
False
Is 3120371167 prime?
False
Is 916954673 a prime number?
False
Is 37107112439 prime?
True
Is 27497609743 a composite number?
False
Is 34438088237 a prime number?
False
Is 324075503 a prime number?
True
Is 1106908781 composite?
True
Is 455445761 a prime number?
True
Is 35116081601 a prime number?
True
Is 18405778327 composite?
True
Is 383472979 a prime number?
True
Is 1334619779 a composite number?
False
Is 1692027991 prime?
True
Is 24957594755 prime?
False
Is 61434659597 prime?
True
Is 4437590789 a composite number?
True
Is 55730711 a prime number?
True
Is 264341282 prime?
False
Is 1802683013 prime?
False
Is 40287106271 composite?
False
Is 26456948191 composite?
False
Is 11603724551 a prime number?
True
Is 8322234605 composite?
True
Is 265369733 a prime number?
False
Is 7244274893 a prime number?
False
Is 662170583 a prime number?
False
Is 2080927577 a composite number?
False
Is 2797028441 a prime number?
True
Is 1966756217 prime?
True
Is 1459181237 composite?
True
Is 175881521 prime?
True
Is 33408606799 a prime number?
False
Is 167299525607 composite?
False
Is 100531909 a prime number?
True
Is 1229978513 composite?
True
Is 34848449 prime?
True
Is 897638909 a composite number?
False
Is 203123136613 composite?
True
Is 309815537 a composite number?
False
Is 484261937 a composite number?
True
Is 57571729637 a composite number?
False
Is 7247754233 prime?
False
Is 54676940801 prime?
False
Is 95112579637 prime?
False
Is 4080327737 a composite number?
False
Is 18941413067 a prime number?
True
Is 6561998629 prime?
False
Is 1169470153 composite?
True
Is 1216595453 a composite number?
False
Is 843482491 composite?
False
Is 92147593 a composite number?
True
Is 2460612191 a prime number?
False
Is 2530544305 a prime number?
False
Is 13233543599 prime?
True
Is 150307004111 composite?
True
Is 102737669 a prime number?
True
Is 68696729 a prime number?
True
Is 741015133 a composite number?
False
Is 1658725693 prime?
True
Is 9985988827 composite?
False
Is 55487987407 a composite number?
False
Is 3020894407 composite?
True
Is 265444457 a composite number?
True
Is 3545021317 prime?
True
Is 5901883433 prime?
False
Is 779968199 a prime number?
False
Is 2517603537 a prime number?
False
Is 799748903 composite?
True
Is 28758473251 a composite number?
False
Is 93052849739 a prime number?
False
Is 971215703 a prime number?
False
Is 321635331145 composite?
Tru